)
-18
What is the value of 36 + (10 - 36 - -5)?
15
5 - (15 + (-10 + -2 + 5 - -4))
-7
Evaluate -14 - (-18 + 21) - (2 - -3).
-22
Calculate (-17 + -1 - 0) + (2257 - 2244).
-5
(-517 - -523) + (3 - (0 + 1)) + 0
8
What is -14 + (8 - (-4 - (6 + -28 - -9)))?
-15
Calculate (-8 - -3 - 12) + (24 - 16 - 13).
-22
What is -27 + (3 + -3 + -6 - (24 + -28))?
-29
What is the value of 10 + 6 + -10 - (-37 - -41)?
2
Calculate (-9 - -31 - 22) + -1 + -6.
-7
Evaluate 17 + -12 + -17 + 5.
-7
What is the value of (-22 - -17) + -2 + 5 - 2?
-4
6 + -2 - (-27 + -30 + 42)
19
What is the value of (7 - -2) + -10 - (2 + -12)?
9
0 - (-2 + (-19 + 2 - -6))
13
What is (14 + 12 - 29 - (-3 - -1)) + -16?
-17
What is the value of 7 + 14 + -30 - (-19 + -1)?
11
What is the value of -1 + 4 + 6 - 0 - (-18 - -1)?
26
Evaluate -18 + (20 - 14) + (8 - (2 + 0)).
-6
6 + (8 - 20 - 9) + 8
-7
(-6 - 13) + (2 - 3 - -6) + -2
-16
What is -10 + 14 - (-13 + 4 + -1)?
14
10 - (-7 - (8 - (-12 - -13)))
24
What is the value of (-11 - -6) + -27 + 25?
-7
What is the value of -13 + 31 + -53 - -17?
-18
Calculate (89 - 81 - 9) + -7 + 0.
-8
Evaluate -2 - (245 - 262 - (-10 - -1)).
6
What is 10 + -2 + (8 + (-4 - 1) - -7)?
18
What is 61 + -62 - (1 - 1)?
-1
Evaluate -10 - (5 + (-2 - 12 - -4)).
-5
-3 + -1 + (88 - 91) - 4
-11
6 - (-1 - (-19 - -6))
-6
Calculate (0 + 1 - (1 + -4)) + -10 - 3.
-9
What is the value of -7 + 5 + -2 + 7 + -15?
-12
(1 - -5) + (-6 - -1 - -9 - 6)
4
What is the value of 1 - -2 - (8 - (-21 - -41))?
15
Calculate 4 + 2 - (-33 - (-4 + -5) - 1).
31
Evaluate -3 + (-1 - (-8 - 0)) + (-155 - -154).
3
Calculate 13 + (-18 - 20 - -30).
5
Calculate 0 + 0 + (-1 - (-5 - -7 - 8)).
5
Calculate -4 - -4 - -4 - (-19 - (-13 + -8)).
2
What is the value of -16 + (27 - (4 - -9)) + -15?
-17
Evaluate 73 + -70 - (-3 - (0 - (-4 + 2))).
8
Calculate 3 + -7 - (6 - (23 + -1 + -7)).
5
What is -9 - (-8 + (22 - 10))?
-13
What is the value of 6 + (0 - -3 - (-16 + 26 - 36))?
35
What is the value of -2 - -2 - (12 - 9) - (-15 - -7)?
5
Evaluate -2 + -1 + -482 + 483.
-2
What is the value of 80 + -67 + (-6 - 18)?
-11
Calculate 10 - (4 + -9) - (7 + 0).
8
8 + -22 + (-2 - -7) + 0
-9
13 + 1 + -35 + 10
-11
Evaluate 80 + -65 + 5 + -38.
-18
5 + 17 - (75 + -57)
4
Calculate 16 + (1 - -2) + (-13 + 18 - -5).
29
What is the value of -8 + -1 + (-12 - (-17 + -8) - 14)?
-10
What is 11 + -3 + (6 - 18)?
-4
3 + (2 - 0 - 5) + (-111 - -111)
0
What is the value of (-1 - 4 - 29) + (-17 - (-10 + -17))?
-24
3 + (17 - 30) + 21 + (1 - 1)
11
Evaluate (2 - (-8 + 5)) + -4 - (2 - -6).
-7
What is 10 + -5 + 8 + -6?
7
What is (-30 - (-24 + 19)) + 16?
-9
0 + 32 - 5 - 21
6
What is the value of 5 - (8 + -3 - (-10 + 9 - -8))?
7
What is 31 + (-56 - (-35 - -11))?
-1
(25 - 4 - 3) + -4
14
(1 - (9 + -4 + -16)) + 9
21
Calculate -7 - (2 + (-10 - (7 + -9)) + -25).
24
What is the value of -1 + (-7 - 7) + 21?
6
Evaluate -5 + (-6 - -4) - (-66 + 55).
4
Calculate -8 - -2 - -1 - ((8 - 13) + 9).
-9
What is (2 - 4) + 11 + (-12 - -18)?
15
Calculate -28 - (-23 - (16 - 4)).
7
What is -77 - -86 - (-3 - -12) - -20?
20
What is the value of 11 + (-6 - -12) - 1 - 0?
16
Evaluate -64 - -70 - (-9 - 1).
16
Calculate (0 + -9 - 12) + 18.
-3
Calculate -2 - -11 - 22 - 4.
-17
Evaluate 11 + -6 + -1 + 4.
8
Evaluate -31 + 20 + (0 - -3 - -4) - 9.
-13
What is (1 - 6) + -28 + 53?
20
Calculate (6 - (-5 + -1)) + -1.
11
Evaluate (-2 - (1 + -1)) + 28 + (-1892 - -1886).
20
What is the value of -12 + (-13 - -4) + 14 + 3?
-4
Calculate (3 - 7) + 7 - (82 - 66).
-13
Evaluate 18 - (-21 - -45) - (-1 - 10) - 7.
-2
What is 29 - (-3 + 4 + (-5 - -9) + 0)?
24
Calculate 1 - (-7 - -10 - 0 - -5).
-7
Calculate -27 - (1 - (-4 + 9 + -11 + 12)).
-22
What is the value of -21 + 20 + -12 + 4?
-9
What is the value of -1 - (-3 - -2) - (9 - (9 - -2))?
2
Calculate -20 - (-20 - -20 - 26).
6
What is -23 + 33 + -7 + -1?
2
-6 + (9 - 4) + -11 + -2
-14
Evaluate -2 - -34 - (-492 - -511).
13
Evaluate -24 + 17 - (10 + -7).
-10
Calculate (-1033 - -1019) + (-1 - -16 - 2).
-1
What is the value of 11 + 19 + -2 + (-19 - -11)?
20
Evaluate (13 - 4) + -4 - (6 - 7 - 3).
9
Calculate (-69 - -26) + 11 + 1 - 2.
-33
8 - 5 - (-6 + -8 + -17)
34
What is 19 + 4 + (3 - -11) + -21?
16
What is 25 - (27 + -13) - (0 - (-2 + -2))?
7
Evaluate -39 - -58 - (10 - (-2 - 0)).
7
What is the value of 38 + -114 + 39 - -36?
-1
Evaluate 62 - (-26 - (14 - 74)).
28
Evaluate 58 - (25 + -8 + 7).
34
What is 1 + 16 + 20 + 12 + -28?
21
Evaluate 6 - (6 - ((5 - -13) + -2 - 3)).
13
Evaluate -3 + 15 + (4 + 0 - 23) + 12.
5
-26 + (5 - -6) + 3 + -6 + 2
-16
Evaluate -54 + 34 + 21 - (-9 - 0).
10
What is (-4 + 0 - 11) + 25?
10
What is the value of -12 + (-2 - -12) + 11 + (-1 - 5)?
3
143 - 137 - ((0 - 1) + 6)
1
Calculate (-7 + -10 - (11 - 29)) + (-22 - -1).
-20
(8 - 11 - -7) + (3 - 14)
-7
-7 - ((-20 - (9 + -19)) + -5)
8
Calculate -9 - (-15 + (0 - 11)) - 1.
16
Evaluate -3 + (27 + -14 - -1).
11
What is the value of -7 + (6 - (19 + -11)) - -23?
14
-14 - 0 - (18 - 13 - (11 + 0))
-8
What is 9 + (10 - (2 + 4) - 5) + -2?
6
(-31 - (-6 + -37)) + (1 - (-1 + 2))
12
-4 + -5 + 2 + (63 - 32) - 4
20
Calculate -11 - (27 - -2 - 44).
4
Evaluate -1 + (24 - 15) + 28.
36
What is 16 - (2 + -1) - (-28 - -32)?
11
7 - (24 + -13 - 10)
6
Calculate 6 - -8 - (-21 - -12) - 3.
20
Evaluate -3 + 1 - -5 - (-1 + (-16 - 7)).
27
Evaluate -14 + 1 + -6 + 6.
-13
Calculate (-7 - (9 + -14)) + -5 + 4.
-3
1 - 15 - (-8 + 14 - 0)
-20
-1 - (5 - 4) - (-9 - (12 + -2))
17
What is the value of -7 - (-24 + 14 + -2)?
5
What is -20 + 31 + (-2 - 8) - -12?
13
Calculate (5 + -2 - (-44 - -31)) + -14.
2
What is the value of 1 - (-2 + -3 + (12 - 17))?
11
Calculate 8 - (-14 + 14 - -2).
6
Evaluate -20 + 41 + -14 - -10.
17
What is the value of -15 - (0 - (-6 - (-11 - 2)))?
-8
Calculate -7 + (14 - 6) + -5 - (0 + 6).
-10
Evaluate 3 - 13 - 3 - (0 - (-13 - -1)).
-25
Evaluate -12 + 1 + (-27 - -22).
-16
What is 10 + (28 - 31) + -4 + -1?
2
Calculate -13 - (2 - (4 - 5 - -20)).
4
-5 + (2 - (-6 + (2 - -4))) - -2
-1
Evaluate -4 + 19 + (-6 - 11).
-2
Evaluate -31 - (15 + -30) - (-3 + -4).
-9
What is the value of -17 + 9 - -16 - -1?
9
What is the value of -5 + -3 + 31 + -30?
-7
What is -18 - -14 - (-2 - 6) - -3?
7
Calculate (-12 - -30 - (-1 + 4)) + (-9 - 0).
6
Evaluate 11 - -1 - (-203 + 218).
-3
Calculate 23 + -9 + -10 - -6.
10
Calculate -12 + -7 + (81 - 70).
-8
What is 17 - (-36 + 37 + (1 - -19))?
-4
Evaluate 2 - 2 - (-18 - (24 - 23)) - -10.
29
(25 - 58) + (13 - -12)
-8
Evaluate (-4 + -32 - -3) + 19.
-14
Calculate 8 - (15 + -7 + 7).
-7
Calculate 5 + 11 + -15 - (-2 - (4 - -1)).
8
What is -16 + (-14 - -10) + 7?
-13
What is the value of -6 - (0 + -44 + 28)?
10
What is the value of -4 + -2 + (4 - (-15 + 9 + 2))?
2
27 - ((4 + 7 - 2) + -12 - -9)
21
(-12 - -5) + 1 + (-6 - -8 - -8)
4
What is -3 + 9 + (-24 - (14 + -13)) + -3?
-22
Evaluate 3 - (10 + 12 - 15) - (1 + -11).
6
Calculate 12 - -2 - (-41 - (-53 - -18)).
20
Calculate -3 - -33 - (5 - -15).
10
Calculate (11 + -5 + -1 - -4) + -16.
-7
Calculate 7 + -1 + (-2 - (0 + 7)).
-3
What is the value of -4 + -4 + 24 + -9 + -22?
-15
What is -2 + 0 - (-9 - -18 - (9 - -8))?
6
-2 + (-3 - -1) + -8 + 15
3
Evaluate -10 - (-13 + (10 + 0 - 4)) - 5.
-8
What is -182 - -180 - (6 + 1)?
-9
-35 + 39 - (2 + 7)
-5
Evaluate (6 - 19) + 18 + 11.
16
7 - (19 + -7 - 35) - (9 + -3)
24
What is -53 + 22 - ((0 - 2) + 12 + -17)?
-24
What is the value of (53 - 128) + 68 + (0 - (2 + -40))?
31
Calculate 5 - 1 - (18 - (-6 - -4)).
-16
What is -22 + (4 - 2) + -108 + 91?
-37
Calculate 8 + -1 - 7 - -3 - 7.
-4
What is the value of -28 - (7 - (63 - -4))?
32
What is 19 - (-1 + 2 + -125 + 128)?
15
Evaluate 11 - (18 + 0 - 15).
8
27 + (-44 - 1) - (-8 + 1)
-11
Evaluate 1 - (-42 + 34 - (-5 + 4 + -36)).
-28
Calculate 26 - (17 + (-35 - -40)).
4
-5 + (-23 - (26 + -22))
-32
What is -9 - (-6 - (-10 + 8 - 6))?
-11
-13 - (-1 - (-1 - 0)) - (-123 + 120)
-10
What is the value of -6 - ((3 - 2) + (-1 - -5))?
-11
Calculate -14 + (-16 - -18) + 2 + -3.
-13
Evaluate 7 + -1 + 5 - ((5 - -10) + -15).
11
7 + (-9 + 17 - 6) - 2
7
Calculate -1 - 1 - (-30 + 19 + 17).
-8
What is -31 - (0 + -1 + 9 + 111 + -125)?
-25
Evaluate (0 + -1 - 7 - 2) + (148 - 146).
-8
What is -14 + 23 + -13 + 1 + -3 + 2?
-4
What is the value of 8 + (-13 - (-1 + (1 - 0)))?
-5
What is the value of 8 - 1 - (-1 + 9 + -1)?
0
Calculate 3 + (7